{"id":638,"date":"2021-09-15T11:42:06","date_gmt":"2021-09-15T11:42:06","guid":{"rendered":"https:\/\/stage.startertemplatecloud.com\/g15\/?page_id=638"},"modified":"2025-02-22T23:00:55","modified_gmt":"2025-02-22T22:00:55","slug":"features","status":"publish","type":"page","link":"https:\/\/ecologysystem.fr\/index.php\/features\/","title":{"rendered":"A propos de nous"},"content":{"rendered":"<style>.kb-row-layout-id638_091696-02 > .kt-row-column-wrap{align-content:start;}:where(.kb-row-layout-id638_091696-02 > .kt-row-column-wrap) > .wp-block-kadence-column{justify-content:start;}.kb-row-layout-id638_091696-02 > .kt-row-column-wrap{column-gap:var(--global-kb-gap-md, 2rem);row-gap:var(--global-kb-gap-md, 2rem);max-width:600px;margin-left:auto;margin-right:auto;padding-top:150px;padding-right:0px;padding-bottom:120px;padding-left:0px;grid-template-columns:minmax(0, 1fr);}.kb-row-layout-id638_091696-02 > .kt-row-layout-overlay{opacity:0.70;background-image:url('https:\/\/ecologysystem.fr\/wp-content\/uploads\/2021\/04\/bg-0.png');background-size:cover;background-position:center center;background-attachment:fixed;background-repeat:no-repeat;}@media all and (max-width: 1024px), only screen and (min-device-width: 1024px) and (max-device-width: 1366px) and (-webkit-min-device-pixel-ratio: 2) and (hover: none){.kb-row-layout-id638_091696-02 > .kt-row-layout-overlay{background-attachment:scroll;}}@media all and (max-width: 1024px){.kb-row-layout-id638_091696-02 > .kt-row-column-wrap{padding-top:140px;padding-right:0px;padding-bottom:80px;padding-left:0px;grid-template-columns:minmax(0, 1fr);}}@media all and (max-width: 767px){.kb-row-layout-id638_091696-02 > .kt-row-column-wrap{padding-top:120px;padding-right:20px;padding-bottom:50px;padding-left:20px;grid-template-columns:minmax(0, 1fr);}}<\/style><div class=\"kb-row-layout-wrap kb-row-layout-id638_091696-02 alignnone has-theme-palette8-background-color kt-row-has-bg wp-block-kadence-rowlayout\"><div class=\"kt-row-layout-overlay kt-row-overlay-normal\"><\/div><div class=\"kt-row-column-wrap kt-has-1-columns kt-row-layout-equal kt-tab-layout-inherit kt-mobile-layout-row kt-row-valign-top\">\n<style>.kadence-column638_1a2180-71 > .kt-inside-inner-col{padding-top:10px;padding-right:10px;padding-bottom:10px;padding-left:10px;}.kadence-column638_1a2180-71 > .kt-inside-inner-col,.kadence-column638_1a2180-71 > .kt-inside-inner-col:before{border-top-left-radius:0px;border-top-right-radius:0px;border-bottom-right-radius:0px;border-bottom-left-radius:0px;}.kadence-column638_1a2180-71 > .kt-inside-inner-col{column-gap:var(--global-kb-gap-sm, 1rem);}.kadence-column638_1a2180-71 > .kt-inside-inner-col{flex-direction:column;}.kadence-column638_1a2180-71 > .kt-inside-inner-col > .aligncenter{width:100%;}.kadence-column638_1a2180-71 > .kt-inside-inner-col:before{opacity:0.3;}.kadence-column638_1a2180-71{position:relative;}@media all and (max-width: 1024px){.kadence-column638_1a2180-71 > .kt-inside-inner-col{flex-direction:column;justify-content:center;}}@media all and (max-width: 767px){.kadence-column638_1a2180-71 > .kt-inside-inner-col{flex-direction:column;justify-content:center;}}<\/style>\n<div class=\"wp-block-kadence-column kadence-column638_1a2180-71 inner-column-1\"><div class=\"kt-inside-inner-col\">\n<h2 class=\"wp-block-heading has-text-align-center\">\u00c0 Propos de d&rsquo;Ecology System<\/h2>\n\n\n\n<p class=\"has-text-align-center\">Depuis plus de 10 ans, nous accompagnons particuliers dans tous leurs besoins informatiques et surtout dans les nouvelles technologies actuelle. Notre \u00e9quipe d&rsquo;experts passionn\u00e9s s&rsquo;engage \u00e0 fournir des solutions sur mesure et un service d&rsquo;excellence.<\/p>\n\n\n\n<p><\/p>\n\n\n\n<p class=\"has-text-align-center\"><strong>\u00ab\u00a0Nous mettons notre expertise au service de vos besoins informatiques. Sp\u00e9cialistes du d\u00e9pannage \u00e9coresponsable, nous intervenons exclusivement en voiture \u00e9lectrique et recyclons vos \u00e9quipements usag\u00e9s. Avec des devis gratuits en ligne et une r\u00e9ponse rapide sous 24h, nous garantissons votre satisfaction \u00e0 chaque \u00e9tape. Pour une technologie fiable et une plan\u00e8te pr\u00e9serv\u00e9e, faites confiance \u00e0 notre savoir-faire !\u00a0\u00bb<\/strong><\/p>\n\n\n\n<p>Qui sommes-nous ?<\/p>\n\n\n\n<p>Depuis plus de 10 ans, <strong>Ecology System<\/strong> est votre partenaire de confiance pour tous vos besoins en d\u00e9pannage informatique que ce soit : <\/p>\n\n\n\n<ul class=\"wp-block-list\">\n<li><strong>R\u00e9paration, maintenance, assemblage informatique :<\/strong> Plus de 10 ans au service des particuliers et des professionnels.<\/li>\n\n\n\n<li><strong>Cr\u00e9ations de site web<\/strong>,<strong> boutiques e-commerce.<\/strong><\/li>\n\n\n\n<li><strong>Cr\u00e9ations grapiques avec des bannieres et logo personnalis\u00e9<\/strong> <\/li>\n<\/ul>\n\n\n\n<p><strong>Nos points fort :<\/strong><\/p>\n\n\n\n<ul class=\"wp-block-list\">\n<li><strong>\u00c9coresponsabilit\u00e9<\/strong> : Interventions 100% \u00e9lectriques et recyclage syst\u00e9matique.<\/li>\n\n\n\n<li><strong>R\u00e9activit\u00e9<\/strong> : Devis en ligne gratuit et r\u00e9ponse en moins de 24h.<\/li>\n\n\n\n<li><strong>Satisfaction garantie<\/strong> : Un service fiable, ou nous intervenons \u00e0 nouveau sans frais.<\/li>\n\n\n\n<li><strong>Tarifs imbattable : <\/strong> Juste et tr\u00e8s comp\u00e9titifs, sans frais cach\u00e9s.<\/li>\n<\/ul>\n\n\n\n<p>Forts de notre exp\u00e9rience, nous combinons expertise technique et engagement \u00e9cologique pour offrir des solutions durables et efficaces. Notre mission ? R\u00e9parer vos \u00e9quipements tout en pr\u00e9servant notre plan\u00e8te.<\/p>\n\n\n\n<p>Notre engagement \u00e9cologique<\/p>\n\n\n\n<p>Nous croyons que technologie et \u00e9cologie peuvent aller de pair. C\u2019est pourquoi toutes nos interventions sont r\u00e9alis\u00e9es en voiture \u00e9lectrique, r\u00e9duisant ainsi notre empreinte carbone. De plus, nous recyclons vos \u00e9quipements informatiques usag\u00e9s, leur offrant une seconde vie tout en limitant les d\u00e9chets. Chaque geste compte pour un avenir plus vert !<\/p>\n\n\n\n<p>Votre satisfaction, notre priorit\u00e9<\/p>\n\n\n\n<p>Chez <strong><strong>Ecology System<\/strong><\/strong>, nous mettons un point d\u2019honneur \u00e0 vous offrir un service irr\u00e9prochable. Profitez d\u2019un devis gratuit en ligne avec une r\u00e9ponse rapide sous 24h. Si vous n\u2019\u00eates pas pleinement satisfait de notre intervention, nous revenons gratuitement pour rectifier le tir. Votre tranquillit\u00e9 d\u2019esprit est au c\u0153ur de notre d\u00e9marche.<\/p>\n\n\n\n<p>Pourquoi nous choisir ?<\/p>\n\n\n\n<ul class=\"wp-block-list\">\n<li><strong>Exp\u00e9rience<\/strong> : Plus de 10 ans au service des particuliers et des professionnels.<\/li>\n\n\n\n<li><strong>\u00c9coresponsabilit\u00e9<\/strong> : Interventions 100% \u00e9lectriques et recyclage syst\u00e9matique.<\/li>\n\n\n\n<li><strong>R\u00e9activit\u00e9<\/strong> : Devis en ligne gratuit et r\u00e9ponse en moins de 24h.<\/li>\n\n\n\n<li><strong>Satisfaction garantie<\/strong> : Un service fiable, ou nous intervenons \u00e0 nouveau sans frais.<\/li>\n<\/ul>\n\n\n\n<p>Faites appel \u00e0 nous pour une informatique responsable et performante. Ensemble, construisons un avenir technologique durable !<\/p>\n<\/div><\/div>\n\n<\/div><\/div>","protected":false},"excerpt":{"rendered":"<p>\u00c0 Propos de d&rsquo;Ecology System Depuis plus de 10 ans, nous accompagnons particuliers dans tous leurs besoins informatiques et surtout dans les nouvelles technologies actuelle. Notre \u00e9quipe d&rsquo;experts passionn\u00e9s s&rsquo;engage \u00e0 fournir des solutions sur mesure et un service d&rsquo;excellence. \u00ab\u00a0Nous mettons notre expertise au service de vos besoins informatiques. Sp\u00e9cialistes du d\u00e9pannage \u00e9coresponsable, nous&#8230;<\/p>\n","protected":false},"author":1,"featured_media":0,"parent":0,"menu_order":0,"comment_status":"closed","ping_status":"closed","template":"","meta":{"_kadence_starter_templates_imported_post":true,"_kad_post_transparent":"","_kad_post_title":"hide","_kad_post_layout":"fullwidth","_kad_post_sidebar_id":"","_kad_post_content_style":"unboxed","_kad_post_vertical_padding":"hide","_kad_post_feature":"hide","_kad_post_feature_position":"","_kad_post_header":false,"_kad_post_footer":false,"footnotes":""},"class_list":["post-638","page","type-page","status-publish","hentry"],"yoast_head":"<!-- This site is optimized with the Yoast SEO plugin v25.7 - https:\/\/yoast.com\/wordpress\/plugins\/seo\/ -->\n<title>A propos de nous - Ecology System<\/title>\n<meta name=\"robots\" content=\"index, follow, max-snippet:-1, max-image-preview:large, max-video-preview:-1\" \/>\n<link rel=\"canonical\" href=\"https:\/\/ecologysystem.fr\/index.php\/features\/\" \/>\n<meta property=\"og:locale\" content=\"fr_FR\" \/>\n<meta property=\"og:type\" content=\"article\" \/>\n<meta property=\"og:title\" content=\"A propos de nous - Ecology System\" \/>\n<meta property=\"og:description\" content=\"\u00c0 Propos de d&rsquo;Ecology System Depuis plus de 10 ans, nous accompagnons particuliers dans tous leurs besoins informatiques et surtout dans les nouvelles technologies actuelle. Notre \u00e9quipe d&rsquo;experts passionn\u00e9s s&rsquo;engage \u00e0 fournir des solutions sur mesure et un service d&rsquo;excellence. \u00ab\u00a0Nous mettons notre expertise au service de vos besoins informatiques. Sp\u00e9cialistes du d\u00e9pannage \u00e9coresponsable, nous...\" \/>\n<meta property=\"og:url\" content=\"https:\/\/ecologysystem.fr\/index.php\/features\/\" \/>\n<meta property=\"og:site_name\" content=\"Ecology System\" \/>\n<meta property=\"article:modified_time\" content=\"2025-02-22T22:00:55+00:00\" \/>\n<meta name=\"twitter:card\" content=\"summary_large_image\" \/>\n<meta name=\"twitter:label1\" content=\"Dur\u00e9e de lecture estim\u00e9e\" \/>\n\t<meta name=\"twitter:data1\" content=\"2 minutes\" \/>\n<script type=\"application\/ld+json\" class=\"yoast-schema-graph\">{\"@context\":\"https:\/\/schema.org\",\"@graph\":[{\"@type\":\"WebPage\",\"@id\":\"https:\/\/ecologysystem.fr\/index.php\/features\/\",\"url\":\"https:\/\/ecologysystem.fr\/index.php\/features\/\",\"name\":\"A propos de nous - Ecology System\",\"isPartOf\":{\"@id\":\"https:\/\/ecologysystem.fr\/#website\"},\"datePublished\":\"2021-09-15T11:42:06+00:00\",\"dateModified\":\"2025-02-22T22:00:55+00:00\",\"breadcrumb\":{\"@id\":\"https:\/\/ecologysystem.fr\/index.php\/features\/#breadcrumb\"},\"inLanguage\":\"fr-FR\",\"potentialAction\":[{\"@type\":\"ReadAction\",\"target\":[\"https:\/\/ecologysystem.fr\/index.php\/features\/\"]}]},{\"@type\":\"BreadcrumbList\",\"@id\":\"https:\/\/ecologysystem.fr\/index.php\/features\/#breadcrumb\",\"itemListElement\":[{\"@type\":\"ListItem\",\"position\":1,\"name\":\"Accueil\",\"item\":\"https:\/\/ecologysystem.fr\/\"},{\"@type\":\"ListItem\",\"position\":2,\"name\":\"A propos de nous\"}]},{\"@type\":\"WebSite\",\"@id\":\"https:\/\/ecologysystem.fr\/#website\",\"url\":\"https:\/\/ecologysystem.fr\/\",\"name\":\"Ecology System\",\"description\":\"Votre expert en services informatiques\",\"publisher\":{\"@id\":\"https:\/\/ecologysystem.fr\/#organization\"},\"potentialAction\":[{\"@type\":\"SearchAction\",\"target\":{\"@type\":\"EntryPoint\",\"urlTemplate\":\"https:\/\/ecologysystem.fr\/?s={search_term_string}\"},\"query-input\":{\"@type\":\"PropertyValueSpecification\",\"valueRequired\":true,\"valueName\":\"search_term_string\"}}],\"inLanguage\":\"fr-FR\"},{\"@type\":\"Organization\",\"@id\":\"https:\/\/ecologysystem.fr\/#organization\",\"name\":\"Ecology System\",\"url\":\"https:\/\/ecologysystem.fr\/\",\"logo\":{\"@type\":\"ImageObject\",\"inLanguage\":\"fr-FR\",\"@id\":\"https:\/\/ecologysystem.fr\/#\/schema\/logo\/image\/\",\"url\":\"https:\/\/ecologysystem.fr\/wp-content\/uploads\/2024\/10\/cropped-cropped-cropped-Logotest-2.png\",\"contentUrl\":\"https:\/\/ecologysystem.fr\/wp-content\/uploads\/2024\/10\/cropped-cropped-cropped-Logotest-2.png\",\"width\":320,\"height\":85,\"caption\":\"Ecology System\"},\"image\":{\"@id\":\"https:\/\/ecologysystem.fr\/#\/schema\/logo\/image\/\"},\"sameAs\":[\"https:\/\/www.instagram.com\/ecologysystem.fr\/\"]}]}<\/script>\n<!-- \/ Yoast SEO plugin. -->","yoast_head_json":{"title":"A propos de nous - Ecology System","robots":{"index":"index","follow":"follow","max-snippet":"max-snippet:-1","max-image-preview":"max-image-preview:large","max-video-preview":"max-video-preview:-1"},"canonical":"https:\/\/ecologysystem.fr\/index.php\/features\/","og_locale":"fr_FR","og_type":"article","og_title":"A propos de nous - Ecology System","og_description":"\u00c0 Propos de d&rsquo;Ecology System Depuis plus de 10 ans, nous accompagnons particuliers dans tous leurs besoins informatiques et surtout dans les nouvelles technologies actuelle. Notre \u00e9quipe d&rsquo;experts passionn\u00e9s s&rsquo;engage \u00e0 fournir des solutions sur mesure et un service d&rsquo;excellence. \u00ab\u00a0Nous mettons notre expertise au service de vos besoins informatiques. Sp\u00e9cialistes du d\u00e9pannage \u00e9coresponsable, nous...","og_url":"https:\/\/ecologysystem.fr\/index.php\/features\/","og_site_name":"Ecology System","article_modified_time":"2025-02-22T22:00:55+00:00","twitter_card":"summary_large_image","twitter_misc":{"Dur\u00e9e de lecture estim\u00e9e":"2 minutes"},"schema":{"@context":"https:\/\/schema.org","@graph":[{"@type":"WebPage","@id":"https:\/\/ecologysystem.fr\/index.php\/features\/","url":"https:\/\/ecologysystem.fr\/index.php\/features\/","name":"A propos de nous - Ecology System","isPartOf":{"@id":"https:\/\/ecologysystem.fr\/#website"},"datePublished":"2021-09-15T11:42:06+00:00","dateModified":"2025-02-22T22:00:55+00:00","breadcrumb":{"@id":"https:\/\/ecologysystem.fr\/index.php\/features\/#breadcrumb"},"inLanguage":"fr-FR","potentialAction":[{"@type":"ReadAction","target":["https:\/\/ecologysystem.fr\/index.php\/features\/"]}]},{"@type":"BreadcrumbList","@id":"https:\/\/ecologysystem.fr\/index.php\/features\/#breadcrumb","itemListElement":[{"@type":"ListItem","position":1,"name":"Accueil","item":"https:\/\/ecologysystem.fr\/"},{"@type":"ListItem","position":2,"name":"A propos de nous"}]},{"@type":"WebSite","@id":"https:\/\/ecologysystem.fr\/#website","url":"https:\/\/ecologysystem.fr\/","name":"Ecology System","description":"Votre expert en services informatiques","publisher":{"@id":"https:\/\/ecologysystem.fr\/#organization"},"potentialAction":[{"@type":"SearchAction","target":{"@type":"EntryPoint","urlTemplate":"https:\/\/ecologysystem.fr\/?s={search_term_string}"},"query-input":{"@type":"PropertyValueSpecification","valueRequired":true,"valueName":"search_term_string"}}],"inLanguage":"fr-FR"},{"@type":"Organization","@id":"https:\/\/ecologysystem.fr\/#organization","name":"Ecology System","url":"https:\/\/ecologysystem.fr\/","logo":{"@type":"ImageObject","inLanguage":"fr-FR","@id":"https:\/\/ecologysystem.fr\/#\/schema\/logo\/image\/","url":"https:\/\/ecologysystem.fr\/wp-content\/uploads\/2024\/10\/cropped-cropped-cropped-Logotest-2.png","contentUrl":"https:\/\/ecologysystem.fr\/wp-content\/uploads\/2024\/10\/cropped-cropped-cropped-Logotest-2.png","width":320,"height":85,"caption":"Ecology System"},"image":{"@id":"https:\/\/ecologysystem.fr\/#\/schema\/logo\/image\/"},"sameAs":["https:\/\/www.instagram.com\/ecologysystem.fr\/"]}]}},"_links":{"self":[{"href":"https:\/\/ecologysystem.fr\/index.php\/wp-json\/wp\/v2\/pages\/638","targetHints":{"allow":["GET"]}}],"collection":[{"href":"https:\/\/ecologysystem.fr\/index.php\/wp-json\/wp\/v2\/pages"}],"about":[{"href":"https:\/\/ecologysystem.fr\/index.php\/wp-json\/wp\/v2\/types\/page"}],"author":[{"embeddable":true,"href":"https:\/\/ecologysystem.fr\/index.php\/wp-json\/wp\/v2\/users\/1"}],"replies":[{"embeddable":true,"href":"https:\/\/ecologysystem.fr\/index.php\/wp-json\/wp\/v2\/comments?post=638"}],"version-history":[{"count":8,"href":"https:\/\/ecologysystem.fr\/index.php\/wp-json\/wp\/v2\/pages\/638\/revisions"}],"predecessor-version":[{"id":1473,"href":"https:\/\/ecologysystem.fr\/index.php\/wp-json\/wp\/v2\/pages\/638\/revisions\/1473"}],"wp:attachment":[{"href":"https:\/\/ecologysystem.fr\/index.php\/wp-json\/wp\/v2\/media?parent=638"}],"curies":[{"name":"wp","href":"https:\/\/api.w.org\/{rel}","templated":true}]}}